l + 4. Let w(y) = -75*y - 515. Let h be w(-7). Determine x(h).
-66
Let i(h) = h**2 - 3*h + 6. Let j be i(2). Let w(l) = 3*l - 3. Give w(j).
9
Let r(q) be the first derivative of 5/3*q**3 - 6 + 5/2*q**2 + 1/4*q**4 + q. Give r(-4).
-3
Suppose -z = o - 1, 0*o - 5*o + 9 = z. Let w(r) = r**2 - r + 1. Let h(n) = -4*n - 3. Let y(x) = z*h(x) - w(x). Let m be 3 + 0 + -1 + 3. What is y(m)?
2
Let j(v) = 2*v - 2. Let c be j(-2). Let l(p) = p**2 - 3*p + 4. Let h(d) = 2*d**2 - 2*d + 5. Suppose 8 = -7*b - 6. Let q(a) = b*h(a) + 3*l(a). Calculate q(c).
-4
Suppose l = 11 - 8. Let d be (12/24)/((-1)/(-4)). Suppose 0 = -l*f, -d*n - 6 = -n + 5*f. Let g(h) = 3*h + 6. Determine g(n).
-12
Let n(x) = -2*x**2 - 5*x**2 - 5*x + 5*x**2 + x**2. Let b = 19 + -14. Suppose -2*c = -2*y, 5*c + 4*y = -31 - b. What is n(c)?
4
Let n(i) = -4 + 3*i + 3*i**2 + 10*i - 2*i**2 - 3*i. What is n(-10)?
-4
Let q(y) = 5*y - 6. Let h(m) = 4*m - 7. Let u(x) = 5*h(x) - 6*q(x). Let j(d) = -d**3 + 4*d**2 + 4*d + 4. Let p be j(5). Determine u(p).
11
Let l(b) = b**3 - b**2 - 1. Suppose 12 - 21 = -f. Suppose f*o = 2*o. Calculate l(o).
-1
Let o be (6/21)/(5/(-35)). Let t(q) = q**3 + 2*q**2 + 2*q - 2. Determine t(o).
-6
Let k(f) be the third derivative of f**6/120 + f**5/15 - f**4/24 + f**3/3 - 2*f**2 - 6. Give k(-5).
-18
Let n(y) = 6*y - 7. Let j be n(2). Let t(v) = v**2 - 6*v - 5. Determine t(j).
-10
Let h(y) = 2*y - 1. Let c(a) = -a**2 + 14*a - 3. Let l(z) = -c(z) + 6*h(z). What is l(-2)?
5
Suppose 2*m + 2*l - 27 = -m, 4*m + 3*l = 36. Let u(r) = -r**3 + 9*r**2 - 3*r + 7. Give u(m).
-20
Suppose -2*g + 21 = -5. Let b(j) = -8*j**2 + 6 - g*j**3 + 6*j**3 + j + 6*j**3. Determine b(-8).
-2
Let s = 1615 - 1614. Let i(o) = 43*o**3 + 1. Determine i(s).
44
Let f(q) = -2*q - 2. Suppose 0 = 5*n - t - 4 - 3, -t - 5 = -4*n. Suppose 57*s = 58*s - 4. Suppose 5*b + s*x + 17 = 0, n*b - 3*b - 13 = -4*x. Determine f(b).
8
Let i = -43 + 44. Let g(y) = -i - 469*y + 470*y + 11. Give g(-8).
2
Suppose 6*x - 41 - 61 = 0. Let p(y) = -x*y + 1 + 3 + 2 + 16*y. Determine p(9).
-3
Let s(k) be the third derivative of 0 - 10*k**2 - 7/60*k**5 + 3/2*k**3 + 0*k + 1/120*k**6 - 1/24*k**4. What is s(7)?
2
Let h(c) = 2*c**3 + 3*c**2 + c. Let p be -3 + -4*(2 - 3) + -3. What is h(p)?
-6
Let h(a) = 4*a - 4 + 513*a**2 + a**3 + 2*a - 505*a**2. Determine h(-7).
3
Let c be 14/(5/(20/8)). Let m(x) = x**2 - 9*x + 10. Determine m(c).
-4
Let d(p) = -3*p**3 - 3*p**2 + 7*p + 1. Let y(f) = -f**3 - f**2 + f + 1. Let h(u) = d(u) - 4*y(u). What is h(2)?
15
Let x(a) = 5*a**2 - 19*a + 26. Let c(n) = -n**2 + 4*n - 5. Suppose 5*i + 33 + 37 = 5*d, -5*d - 5*i + 40 = 0. Let m(l) = d*c(l) + 2*x(l). Determine m(3).
6
Let q(k) = -4 + 0*k - 7 - 4*k. Give q(-9).
25
Let v = 6 - 12. Let w(r) = 3*r + 11. Let f(l) = l + 4. Let q(z) = 17*f(z) - 6*w(z). Determine q(v).
8
Let m(g) = 5*g - 3. Let x(y) = y - 2. Let u(n) = m(n) - 4*x(n). What is u(8)?
13
Let c = -286 - -286. Let d(j) = j**3 + j**2 - j + 2. What is d(c)?
2
Let f = 61 + -62. Let w be 4/(-2) - (-3 - 2). Let d(c) = -c**3 + 3*c**3 + 2*c**3 - c - 5*c**2 + w*c**2. Give d(f).
-5
Let y(b) = 14*b - 7. Let g be y(4). Let i = g + -19. Suppose 0 = -4*v - 0*v + 5*c - i, 4*v = c - 22. Let h(j) = j**3 + 4*j**2 - 5*j - 5. What is h(v)?
-5
Let j(s) = -s**3 + 2*s**2 + 4*s + 5. Let f be 11/(132/9) + 13/4. Calculate j(f).
-11
Let q(x) = -5*x + 6. Suppose -61*o - 44 = -50*o. Determine q(o).
26
Suppose 4*h = a - 36, 0 = a + 3 - 7. Let d(m) = m**3 + 7*m**2 - 7*m + 1. Determine d(h).
-7
Let d(r) = 3*r + 49 - 23 - 4 - 23. Let y be (-12)/7 - (-2)/(-7). Calculate d(y).
-7
Let q(t) = 14*t**2 - 2*t**2 + 7*t - 11*t**2 - 5 + 5*t. Let i be -22 - -12 - (3 + -1). What is q(i)?
-5
Let g(h) = 2*h**2 + 17*h - 10. Suppose -4*b - 24 = -166*d + 163*d, 3*d - 6 = 2*b. What is g(b)?
-1
Let y(f) be the second derivative of f**4/12 + f**3 + 2*f**2 + f. Suppose m - 6 = -2*m, -5*m + 262 = -4*s. Let l = 57 + s. Calculate y(l).
4
Let a(u) be the first derivative of -1/4*u**4 - 2*u**3 + 26 + 0*u**2 - 6*u. Determine a(-6).
-6
Suppose 56*d - 53*d = 12. Let c(y) = y**3 - 5*y**2 + 4*y - 5. What is c(d)?
-5
Suppose 7 = -9*y - 29. Let n(g) = -2*g**2 - 2*g - 6. Calculate n(y).
-30
Let h(r) = r**3 - r**2 + 5. Suppose -3*c - 9 = -6*c. Suppose 0 = 5*i - 2*k - 6, -c*k - 12 = -2*i + k. Calculate h(i).
5
Let l(y) be the second derivative of -y**3 - 47*y**2/2 + 252*y + 1. Calculate l(-8).
1
Let x(s) be the second derivative of -7*s**5/60 + s**4/24 - 10*s**3/3 - 4*s. Let q(v) be the second derivative of x(v). Give q(-1).
15
Let d(b) = -b**2 - 3*b + 13. Let i be d(-5). Let v be (0 + i)*(-6 - -4). Let p(o) = -o + 3. What is p(v)?
9
Let n(t) = -3*t + 8. Suppose -3*f = 3*a - 0*a - 21, -5*a + 20 = 0. Let c(y) = y - 3. Let r(p) = f*n(p) + 8*c(p). Determine r(3).
-3
Let r(s) = -s**3 + 4*s**2 + 6*s - 7. Let g be r(5). Let l be g + -2 + (2 - 2). Let t(x) = -x**2 - 7*x - 5. Give t(l).
7
Let x(v) = 2*v**2 + v**2 + 0 - 2*v + v**3 - 3*v - 2. Let z be x(-4). Let q(h) = 6 - h - z - 2 + 5. Calculate q(5).
2
Let g(v) = 7*v + 28. Let k be g(-3). Let j(n) = -n + 5. What is j(k)?
-2
Let z(u) = 11 - 2*u - 20 + 13. Determine z(5).
-6
Let j(k) = -k**3 + 3*k**2 - 2*k + 3. Let x = -37 - -49. Let n = -10 + x. Determine j(n).
3
Let c(a) be the third derivative of a**5/60 - 13*a**4/24 + 5*a**3/3 - 5*a**2 + 1. Determine c(11).
-12
Suppose 2 = -2*f + 18. Let m(w) = -w**2 + 2*w - 2. Let a(r) = -r**2 + 3*r - 1. Let p(g) = -5*a(g) + 4*m(g). Determine p(f).
5
Let i(q) = -q - 12. Let r = 593 + -601. Give i(r).
-4
Let x(a) be the first derivative of -a**4/6 - a**3/6 - a**2/2 + 33*a - 11. Let d(i) be the first derivative of x(i). Calculate d(-1).
-2
Let h(f) = -5*f**2 + 5. Let v be h(4). Let k be (-2)/(-10) - (-240)/v. Let t(l) = l**3 + 5*l**2 + 3*l - 1. Determine t(k).
8
Let f(b) = 2*b. Let h(i) = 2*i**2 + 10*i - 3. Let k be h(-7). Suppose 5*p = 4*d + k, -d = 3*d + p - 5. Suppose 0 = -2*x - d + 4. Calculate f(x).
4
Let o(h) = h**2 + h - 1. Let w be (-1 - 2) + 1 + 2. Let b(d) = 2*d - 2 - 1 + 1. Let u be b(w). Calculate o(u).
1
Suppose -5*i - 2*d + 26 = 0, 0 = 2*i - 5*i + 2*d + 22. Suppose -3*p - i*o = -2*o - 8, 11 = 2*p - 3*o. Let a(f) = -p*f + f**2 + 0*f - 8 - 2*f. Give a(7).
-1
Suppose 0 = 25*w - 102 - 23. Let d(u) = 2*u**2 - 4*u + 1. What is d(w)?
31
Suppose l = -g + 3*g, -4 = -2*g. Let t(w) = -l - 13*w + 3 + 10*w. Let z = 14 + -13. Determine t(z).
-4
Suppose -60 = -27*z - 6. Let g(o) = -17*o. Give g(z).
-34
Let w(a) = 36*a + 34*a - 75*a + a**2 + 41 - 54. What is w(7)?
1
Suppose 7 + 287 = 42*u. Let i(s) be the first derivative of -1/2*s**2 - u*s + 7. Give i(-3).
-4
Let o = -23 + 34. Suppose 5*r + 34 = -o. Let d = r + 12. Let u(k) = k**2 - k + 1. Give u(d).
7
Let y(s) = 130*s - 250. Let w(q) = 27*q - 50. Let v(o) = 14*w(o) - 3*y(o). What is v(4)?
2
Let x(j) = -j**3 - 4*j**2 + 1. Suppose -8*y = -4*y - 92. Let z = y + -6. Let n = -21 + z. Determine x(n).
1
Let d(m) be the third derivative of m**4/12 + m**3/2 + m**2. Let g(n) = -7*n + 256. Let a be g(37). Give d(a).
-3
Suppose -4*l = -7*l - c + 7, 0 = c + 5. Let g(v) = 4*v - 3 - 3*v - l*v. What is g(3)?
-12
Let d(u) = 2 + 9*u - 9*u - 4 + 2*u. Let p be ((0/1)/(-4))/2. Let o = -5 + p. Calculate d(o).
-12
Let z(l) = -5*l + 7. Suppose -32 = y - 36. Let d(x) = -x. Let m(v) = y*d(v) - z(v). Determine m(6).
-1
Let y(h) = -h - 9. Let g be 86 + -94 - (-1 - -1). Calculate y(g).
-1
Let n be -14 + (4 - 4) + -4. Suppose -43 = 4*b + 45. Let m = b - n. Let s(u) = -u**3 - 5*u**2 - 5*u + 2. What is s(m)?
6
Let w(o) = -o**3 + 8*o**2 + 2*o + 6. Let i be w(8). Suppose -i*m - 20 = -17*m. Let b(a) = a**2 + 5*a - 3. Give b(m).
-7
Suppose -8*d - 16*d - 264 = 0. Let i(c) = c**3 + 11*c**2 + 2*c + 11. What is i(d)?
-11
Let p(f) be the second derivative of -f**4/12 - 2*f**3 - 31*f**2/2 - 9*f. Let m be p(-7). Let b(h) = -h**3 + 4*h**2 + 4*h - 4. What is b(m)?
12
Let c = 172 - 163. Let o(d) = d + 3. Determine o(c).
12
Let p(w) = 6*w + 10*w + 7*w + w**3 + w**2 - 5 - 27*w. What is p(4)?
59
Let t(q) = 7*q**2 - 11*q**2 + 3*q**2 - 13*q - 9*q + 0*q**2 - 44. Give t(-20).
-4
Let t(w) be the third derivative of -w**5/60 - 2*w**4/3 + w**3/6 - 170*w**2. Determine t(-16).
1
Let p(u) = -30*u**2 - 4 - 33*u**2 - 26*u**2 + 0 - u + 88*u**2. Let v(t) = t**2 + 5*t - 6. Let n be v(-6). Calculate p(n).
-4
L